{"id":173,"date":"2018-05-24T20:19:46","date_gmt":"2018-05-24T18:19:46","guid":{"rendered":"https:\/\/elleks.de\/?page_id=173"},"modified":"2025-09-22T12:10:52","modified_gmt":"2025-09-22T10:10:52","slug":"impressum","status":"publish","type":"page","link":"https:\/\/elleks.de\/?page_id=173","title":{"rendered":"Impressum"},"content":{"rendered":"\n<h1 class=\"wp-block-heading\"><strong>elleks.de<\/strong><br>Alexander Lux, Falkenberger Stra\u00dfe 187, 13088\u00a0Berlin<br>Telefon 0151 18813712<br> eMail\u00a0<a href=\"mailto:post@elleks.de\">post@elleks.de<\/a><\/h1>\n\n\n\n<p>Das Urheberrecht liegt bei mir. F\u00fcr Inhalte f\u00fcr verlinkte Seiten \u00fcbernehme ich keine Haftung. Ich benutze Google Analytics. Damit wird das Verhalten von Website Nutzern anonym gespeichert. Die gewonnenen Daten dienen der Verbesserung der Seite und sind nicht zuordbar.<\/p>\n","protected":false},"excerpt":{"rendered":"<p>elleks.deAlexander Lux, Falkenberger Stra\u00dfe 187, 13088\u00a0BerlinTelefon 0151 18813712 eMail\u00a0post@elleks.de Das Urheberrecht liegt bei mir. F\u00fcr Inhalte f\u00fcr verlinkte Seiten \u00fcbernehme ich keine Haftung. Ich benutze Google Analytics. Damit wird das Verhalten von Website Nutzern anonym gespeichert. Die gewonnenen Daten dienen der Verbesserung der Seite und sind nicht zuordbar.<\/p>\n","protected":false},"author":1,"featured_media":0,"parent":0,"menu_order":0,"comment_status":"closed","ping_status":"closed","template":"","meta":{"footnotes":""},"class_list":["post-173","page","type-page","status-publish","hentry"],"_links":{"self":[{"href":"https:\/\/elleks.de\/index.php?rest_route=\/wp\/v2\/pages\/173","targetHints":{"allow":["GET"]}}],"collection":[{"href":"https:\/\/elleks.de\/index.php?rest_route=\/wp\/v2\/pages"}],"about":[{"href":"https:\/\/elleks.de\/index.php?rest_route=\/wp\/v2\/types\/page"}],"author":[{"embeddable":true,"href":"https:\/\/elleks.de\/index.php?rest_route=\/wp\/v2\/users\/1"}],"replies":[{"embeddable":true,"href":"https:\/\/elleks.de\/index.php?rest_route=%2Fwp%2Fv2%2Fcomments&post=173"}],"version-history":[{"count":4,"href":"https:\/\/elleks.de\/index.php?rest_route=\/wp\/v2\/pages\/173\/revisions"}],"predecessor-version":[{"id":370,"href":"https:\/\/elleks.de\/index.php?rest_route=\/wp\/v2\/pages\/173\/revisions\/370"}],"wp:attachment":[{"href":"https:\/\/elleks.de\/index.php?rest_route=%2Fwp%2Fv2%2Fmedia&parent=173"}],"curies":[{"name":"wp","href":"https:\/\/api.w.org\/{rel}","templated":true}]}}